highest common factor of r and 20.
10
Let r = -154 + 363. What is the greatest common factor of 11 and r?
11
Let w(y) = y**3 - 40*y**2 + 80*y - 131. Let a be w(38). Calculate the greatest common divisor of 21 and a.
21
Let g = -336 - -346. Calculate the highest common factor of g and 35.
5
Suppose -36 = -2*b - 10. Let t be 10/(-15)*(-234)/(-15)*-5. Calculate the highest common factor of t and b.
13
Suppose -3*q + 869 - 239 = 0. What is the greatest common divisor of q and 60?
30
Suppose 5*m + 260 = 15*m. What is the greatest common factor of 4654 and m?
26
Let t = -8 + 13. Let h(o) = o - 2. Let x be h(t). Suppose -2*r + 2*d = -26, r = -4*d + x + 20. Calculate the greatest common divisor of 75 and r.
15
Let y be (-2)/5 - (-4594)/10. What is the highest common divisor of 27 and y?
27
Let a be (9 + -4)*(-4)/5. Let g be (a - -4 - 63)*-1. What is the greatest common factor of g and 9?
9
Let y(z) = -z**3 - 4*z**2 + z - 7. Let k be (-1)/4*-4*-5. Let m be y(k). Calculate the greatest common factor of m and 39.
13
Let f(c) = 3*c - 10. Let w be f(11). What is the highest common factor of 253 and w?
23
Let a be 4/14 + (-7024)/(-112). Suppose -33 = -3*m - 2*t, -2*m + 4 = -4*t - 2. What is the highest common divisor of a and m?
9
Let x(n) = -9*n + 172. Let z be x(4). What is the greatest common divisor of z and 476?
68
Let i = 100 - 34. Let u = i - 32. What is the greatest common factor of 17 and u?
17
Let d be 3*(-28)/(-12)*-24. Let a be (1/2)/((-4)/d). Let k(w) = 9*w - 39. Let x be k(9). What is the greatest common factor of x and a?
21
Let f = 14 - -14. Let t = f + -19. What is the highest common factor of 72 and t?
9
Let b(f) = 110*f**2 - 15*f - 34. Let y be b(-4). What is the greatest common factor of 38 and y?
38
Let k = -12 - -18. Suppose -2*l - 2*g + 2 = -10, 0 = l - g - 2. Suppose -l*f + 2 = -0*x - 5*x, 3*x = -4*f + 18. Calculate the highest common factor of k and f.
3
Let s(u) = -u + 5. Let d be s(0). Suppose -6 = 2*x, -a - 4*a + 15 = d*x. Let v be (a/(-5))/(24/(-80)). Calculate the highest common factor of v and 16.
4
Suppose 0 = -3*x + 8*x - 195. Let v = 29 + x. What is the highest common factor of v and 17?
17
Suppose 0 + 16 = 8*n. Let u(o) = -2*o. Let x be u(0). Let f be (-9 - -14) + 1 + x. Calculate the greatest common factor of f and n.
2
Let v be (-1)/(3 - 13/4). Let k be (-3)/(3/v) + 13. What is the highest common factor of k and 99?
9
Let v(b) = -b**2 - 17*b + 24. Let r be v(-14). Calculate the greatest common factor of 6 and r.
6
Let p = 140 - 83. Suppose -13*b + p = -10*b. What is the greatest common factor of b and 19?
19
Suppose -w - 3*p = 2*p - 164, 4*w - 3*p = 771. What is the greatest common factor of w and 21?
21
Suppose -395*u + 401*u = 276. What is the greatest common divisor of 184 and u?
46
Let o = 68 + -66. Suppose -t - 9 = -a + o*t, -3*a + 17 = t. Calculate the greatest common divisor of 102 and a.
6
Suppose 429 = 11*t - 0*t. Calculate the greatest common factor of 6 and t.
3
Let z(u) = u + 5. Let v be z(0). Let t(d) = 30*d - 27. Let n be t(v). Calculate the greatest common factor of n and 41.
41
Suppose 37*z - 2730 = 1858. Calculate the highest common divisor of 186 and z.
62
Let d(h) = -h - 10. Suppose 12 + 12 = -2*y. Let w be d(y). Suppose w*k = k - 4*i + 30, 46 = k - 4*i. What is the greatest common divisor of 19 and k?
19
Suppose 1159 = 12*b - 1217. What is the greatest common divisor of 144 and b?
18
Let w be (-20)/40*158*-1. Calculate the greatest common divisor of w and 1501.
79
Let m = -5 - -11. Let p(g) = -33*g + 1230. Let k be p(36). What is the greatest common divisor of m and k?
6
Suppose -t - 2*s + 50 = 2*t, -5*s - 5 = t. Suppose 4*k + 18 = -2*w, w + 3*k + t = 6*w. What is the greatest common divisor of 1 and w?
1
Let w(f) = 2*f**2 - 9*f - 29. Let z be w(8). What is the greatest common factor of 513 and z?
27
Suppose -15 = 2*g + 3*h, -3*g + 4*h + 20 = 2*g. Suppose j - 12 + 1 = g. Let o be j - (2 - (-6)/(-2)). What is the highest common divisor of 3 and o?
3
Suppose -25*o + 243 = -28*o. Let q = o - -169. What is the greatest common divisor of q and 8?
8
Suppose 0 = 2*p - 381 + 181. Calculate the highest common divisor of 75 and p.
25
Let k(a) = -7*a + 5. Let l be k(2). Let f be (-6)/l + 798/18. Suppose -67 = -s + f. Calculate the greatest common factor of s and 28.
28
Let q be (8 - (-3247)/(-34))*48/(-7). What is the highest common divisor of 24 and q?
24
Let k be 24876/42 - (-12)/(-42). Calculate the highest common factor of k and 32.
16
Let y be (-206 - -184)/((-2)/(-27)*-1). What is the highest common divisor of 66 and y?
33
Let w be (-1390)/(-14) - (-90)/(-315). Calculate the highest common divisor of w and 825.
33
Suppose 0*f = 5*u + 3*f + 40, -4*u - 5*f - 32 = 0. Let a = u - -10. What is the greatest common divisor of a and 2?
2
Suppose 3*d + 23 = 71. Suppose -2*n + 8 = -d. Let r = 2 + n. Calculate the greatest common divisor of 70 and r.
14
Let o be (-45)/180 + 210/8. What is the greatest common factor of o and 676?
26
Let v(y) = -y**3 - 5*y**2 + 13*y - 2. Let i be v(-7). Suppose 0 = a - i*l - 14, a = -4*l + 66 - 25. What is the highest common factor of 116 and a?
29
Let k(q) = -7*q + 102. Let d be k(14). Suppose -3*m + 29 + 11 = 2*j, d*j - 68 = -5*m. Calculate the greatest common factor of 4 and m.
4
Suppose 32 = -40*t + 48*t. Suppose -5*c - 3*w - 90 = -262, t*c - w - 124 = 0. Calculate the highest common divisor of 64 and c.
32
Let n(q) = q**3 - 8*q**2 + 3*q - 19. Let f be 1/(-1 - (-18)/16). Let z be n(f). Calculate the highest common divisor of z and 4.
1
Let r(y) = -y**2 - 13*y - 3. Let m be r(-11). Let i(x) = -x**3 - 5*x**2 + 6*x + 8. Let p be i(-8). What is the highest common factor of m and p?
19
Let v(m) = -m**2 + 19*m. Let u be v(10). Let j be (-2140)/(-70) + (-4)/7. What is the greatest common divisor of j and u?
30
Suppose 9*q - 37 = 2*y + 4*q, 32 = -2*y + 4*q. Let d be (-3)/((-2)/(-32)*y). What is the greatest common factor of d and 4?
4
Suppose 4 = 3*p + 2*z, -p - 3*p + 4 = 2*z. Suppose p = -5*h + 85 - 20. Calculate the greatest common factor of h and 65.
13
Let k = -41 + 44. Suppose 3*f + k*i - 78 = 2*f, 3*f = -5*i + 238. What is the highest common divisor of 9 and f?
9
Let z(q) = q**2 - 7. Let h be z(-5). Suppose -4*a - a - 13 = 2*o, 2 = 2*o. Let l be (0 - 3)/(a/36). Calculate the highest common divisor of h and l.
18
Let l(o) = -8*o + 9. Let y be l(5). Let k = y - -36. What is the greatest common factor of 1 and k?
1
Let q(a) = a - 1. Let s(k) = 4*k - 3. Let o(h) = 5*q(h) - s(h). Let v be o(4). Let x be (-48)/10*(-5)/v. Calculate the greatest common factor of x and 30.
6
Let k(d) = d**3 - 13*d**2 + 23*d - 3. Let q be k(11). What is the highest common divisor of q and 64?
8
Suppose -3*u + 515 = 4*p, 5*u = 3*p - 0*p - 350. What is the highest common divisor of 225 and p?
25
Let a(i) = 8*i - 231. Let o be a(33). What is the highest common divisor of o and 66?
33
Let m(o) = 10*o - 333. Let c be m(45). What is the greatest common factor of c and 39?
39
Let h be (-22)/44 + 1 + 198/4. Suppose -51*y + h*y + 5 = 0. Calculate the greatest common factor of 2 and y.
1
Let f = 136 - 133. Suppose -5*h = f*j - 113, 43 = -0*j + j + 3*h. Calculate the highest common divisor of 93 and j.
31
Let d(i) = -i**2 - 52*i - 78. Let t be d(-28). Calculate the highest common factor of 18 and t.
18
Let m(r) = -r**2 - 18*r + 10. Let z be -1*16 + (5 - 5). Let c be m(z). Calculate the greatest common factor of 294 and c.
42
Let j(m) = -m**3 - 7*m**2 + 4*m - 14. Let i be 0 - 8/1*1. Let n be j(i). Calculate the greatest common factor of n and 12.
6
Suppose -8*m + 130 = -6*m - 4*y, -4*y - 268 = -4*m. What is the highest common divisor of m and 943?
23
Let g = 36 + -34. Suppose g*l + 7 = -1, -2*l = 3*t - 31. Suppose -78 = -3*k - 0*k. Calculate the highest common factor of k and t.
13
Let g(x) = -3*x - 3. Let p be g(-4). Let s = -135 + 183. Let t be (-2)/(((-1)/s)/(21/28)). Calculate the highest common divisor of t and p.
9
Suppose q - 5*a - 107 = 0, 2*q + 4*a = -a + 229. What is the highest common divisor of q and 16?
16
Let s be (-68)/(-2) + 0 - (105 - 101). Calculate the highest common divisor of s and 160.
10
Let p(b) = 49*b**3 - 2*b**2 + 2*b + 3. Let r be p(2). What is the greatest common factor of 23 and r?
23
Sup